d o?
16
Suppose 3*a - n = 11, -a = -0*n + 2*n + 8. Suppose -3*t - 9 = 0, -2*b - a*t + 169 = -5*t. Calculate the greatest common divisor of 16 and b.
16
Let z be ((-9)/1)/((-10)/150). Calculate the highest common factor of 90 and z.
45
Suppose -4*v - 16 = -0*v, 5*k - 593 = -3*v. What is the highest common factor of k and 33?
11
Suppose 6*x - 8 = 5*x - 3*i, 3*x = -i + 8. Suppose -418 = -4*d + 2*n, -x*n = d + d - 194. Calculate the highest common factor of d and 68.
34
Let r(p) = 6*p**2 + 100*p + 575. Let b be r(-14). Let i(a) = -2*a - 1. Let z be i(-7). What is the greatest common divisor of b and z?
13
Suppose 0 = -2*x - 6, s - 18 = 4*s + 5*x. Let a be (-5 - s)/(0 + (-6)/21). Let k be (-1*2 + 3)*14. What is the greatest common divisor of k and a?
14
Let p(i) = -i - 4. Let w be p(-7). Let n be (0 - (-6)/w)*28. Suppose 880 = -5*b + 950. Calculate the greatest common factor of n and b.
14
Let v = 15 - 21. Let p be (-9)/(-3) + 115 + v. What is the greatest common factor of p and 14?
14
Let l be -4 - 0 - (-6)/3. Let a be (-7)/((-1)/(-6)*l). Let p = -9413 - -9518. What is the greatest common factor of a and p?
21
Suppose 0 = -22*k + 18*k. Let g(t) = k - 16 + 5 + 9*t - 6. Let p be g(5). Calculate the highest common factor of p and 7.
7
Suppose 45*b - 3240 = 15*b. What is the greatest common divisor of 288 and b?
36
Let d = -12 - -42. Let c = d + 15. What is the greatest common divisor of c and 90?
45
Let u be 3 - (3 - 2)/(-1). Suppose 5*b = -u*g - 88, b = -4*g - 8 - 0. Let f = 38 + b. Calculate the greatest common divisor of 27 and f.
9
Let i(s) = 17*s - 18. Let d be (-32)/(-6) - (-16)/(-168)*14. Let j be i(d). Calculate the greatest common factor of 5 and j.
5
Let g(x) = x**2 - 5*x - 1. Let u be g(9). Suppose -2*f - 854 = -924. What is the highest common factor of u and f?
35
Let b(p) be the first derivative of -3*p**2/2 - 22*p - 31. Let u be b(-16). What is the greatest common divisor of 13 and u?
13
Let m = 179 - 43. Suppose 4*z + 3*q + 165 = z, -3*z - 2*q - 161 = 0. Let c be ((-55)/(-15))/(-11)*(z + 0). Calculate the highest common factor of m and c.
17
Suppose 5*w + 250 = -7*p + 8*p, p = 3*w + 260. What is the highest common factor of 11 and p?
11
Let l = 107 + -52. Let h = l + -33. What is the greatest common divisor of h and 176?
22
Suppose -12*y = -4853 + 1493. Calculate the greatest common divisor of y and 24.
8
Let c(p) = -p**2 - 22*p - 37. Let j be c(-20). Let a(s) = 3*s**3 + s**2 - 12*s + 2. Let f be a(j). What is the highest common divisor of f and 8?
8
Suppose -5*m + 135 = 3*u, -4*m - 2*u - 64 + 170 = 0. Let d = -973 + 1033. Calculate the greatest common divisor of d and m.
12
Let i be 4/(-3) - (8/3 - 8). What is the highest common divisor of 388 and i?
4
Let a(l) = 5*l**2 + l + 2. Let f be a(2). Let p be 138/4*f/18. Let i = p - 28. Calculate the greatest common divisor of i and 2.
2
Suppose -3*u = 4*x - 129, -x + 48 = 4*u + 6. Suppose -130 = -3*p + 4*k, 3*p - x = 2*p + 4*k. Calculate the highest common factor of p and 25.
25
Let v(c) = -58*c + 122. Let b be v(2). Calculate the highest common divisor of 42 and b.
6
Let w be (680/(-30) + 8)*6/(-4). What is the greatest common factor of w and 253?
11
Let v be 4 - -15 - 2*-5. What is the highest common factor of v and 1421?
29
Suppose -5*d = 15, -n - 86 = -0*d - d. Let g = n - -139. Let a = g + -26. Calculate the highest common divisor of a and 24.
24
Let p(g) = -3*g**3 - 18*g**2 - 16*g - 8. Let n be p(-6). What is the highest common divisor of n and 24?
8
Let l(z) = -3*z - 30. Let i be l(-10). Suppose 0*s + 6*s - 252 = i. Calculate the highest common factor of s and 63.
21
Suppose 16*a - 18*a = r - 51, 5*a - 3*r = 144. What is the greatest common factor of 36 and a?
9
Suppose -470 - 170 = -10*q. What is the highest common divisor of q and 272?
16
Let q(d) = -d + 2. Let i be q(-8). Suppose i = j - 3. Calculate the highest common divisor of j and 65.
13
Let p be 1 - -14 - (81 + -68 - (-13)/(-1)). Let a(q) = 4*q**2 - 10*q + 4. Let n be a(8). What is the highest common divisor of p and n?
15
Suppose 2*u = -10*u + 768. Suppose 3*s + 1 = h, -2*s - 1 = -2*h - 7. Let x = s + 10. What is the highest common factor of u and x?
8
Suppose 5*c + 631 = 3*g, -g - 3*c + 446 = g. Let x = g + -147. What is the highest common divisor of 14 and x?
14
Let t(h) = 9*h - 6. Let w be t(-1). Let f(b) = -27*b - 64. Let a be f(w). What is the highest common divisor of 31 and a?
31
Let u(v) = 15*v + 104. Let k be u(-6). What is the highest common divisor of 154 and k?
14
Suppose -p + 275 = 165. What is the greatest common divisor of 55 and p?
55
Let x be 6/(24/74) - (-6)/(-4). Suppose 4*f - 2*v - 694 = 0, 2*v - 61 = -4*f + 645. Let s = -124 + f. What is the highest common divisor of x and s?
17
Let b(v) = -2*v**2 + 20*v. Let h be b(10). Suppose 4*s - 2*p - 40 = 22, h = -s - p + 17. What is the greatest common divisor of 112 and s?
16
Suppose 3172 = z + 2*f, -5*z + 19*f - 16*f = -15925. Calculate the greatest common factor of 86 and z.
86
Suppose -40*n + 40 = -35*n. Let i(h) = -9*h**2 + h - 1. Let d be i(1). Let x = 11 + d. Calculate the greatest common factor of x and n.
2
Let g be 4/(-5)*(-5)/(-2) + -32. Let v = g + 66. What is the highest common factor of 80 and v?
16
Let b(i) = -i**3 + 11*i**2 + 16*i - 40. Let m be b(12). Suppose -m*a - 2*l = -4*a - 54, 5*l + 9 = 2*a. What is the highest common divisor of 8 and a?
4
Let d = 20 - 6. Calculate the highest common divisor of 56 and d.
14
Let m(h) = -36 + 29*h - 17*h**2 - 7*h + 16*h**2. Let o be m(20). What is the greatest common factor of o and 4?
4
Suppose -11 = -f - 3*x, -20*f + 24*f - 2*x = 30. Let q(k) = -k**3 - 6*k**2 - 7*k - 2. Let c be q(-6). What is the highest common divisor of f and c?
8
Let o be -3*(-43)/12 - 3/(-12). Suppose -121 = -2*k - 31. Suppose 6*b = o*b - k. Calculate the highest common factor of b and 18.
9
Let k(y) = -35*y + 97*y - 49*y. Suppose -5*n + 2 = -3*q - 2, -5*n = -4*q - 2. Let h be k(n). What is the highest common divisor of h and 65?
13
Suppose i = -7*i + 8. Let j(x) = 8*x**2 - x + 1. Let u be j(i). What is the greatest common factor of u and 8?
8
Let n(y) = 2*y**2 + 13*y + 6. Let r be n(-8). Let x(t) = -2 + 0 - 5*t + 3. Let u be x(-1). What is the greatest common factor of r and u?
6
Suppose -2*q + 2*k - 11 = 3, -4*k = 4*q - 12. Let d be 12 + 7 + (0 - q). Let l be 1*(0 + 5 + -2). Calculate the greatest common divisor of d and l.
3
Let w be 6 - (-15)/(90/276). What is the greatest common factor of w and 234?
26
Suppose 2*t - 3*p + 5 = -6, 5*t + p = -53. Let r be -3*t/3 + -2. Calculate the highest common factor of 40 and r.
8
Suppose 10*n - 11*n = 0. Suppose n = -3*r + 4*r + 4, -g + 104 = -4*r. What is the highest common divisor of 8 and g?
8
Let t = -26 + 47. Suppose -5*c + 9 + t = 0. Suppose 12 = 2*b - c. What is the greatest common factor of 63 and b?
9
Let v(q) = q**2 + 27*q - 121. Let x be v(4). Calculate the greatest common divisor of x and 2.
1
Let n(s) = s + 45. Let q be n(15). What is the greatest common divisor of q and 80?
20
Let w(r) = r**3 + 22*r**2 + 19*r - 36. Let j be w(-21). What is the highest common divisor of 78 and j?
6
Let p be ((-924)/(-385))/((-1)/(-300)). What is the highest common factor of p and 135?
45
Suppose -5*f = i - 29, i - 3 = -f + 2. Calculate the greatest common factor of f and 27.
3
Suppose -12 = -13*z + 9*z. Suppose z = 5*s - 17. Calculate the greatest common factor of s and 64.
4
Let d = 48 - 15. Let y(f) = 14*f + 458. Let c be y(-28). Calculate the highest common divisor of d and c.
33
Let f = -307 - -328. Calculate the highest common factor of f and 1197.
21
Let p be (-22 - -20) + 585/1. What is the highest common divisor of p and 53?
53
Let a be (-58)/(-3) - 18/(-27). Suppose 2*k = -2*k + f + a, 0 = -2*k + f + 10. What is the greatest common divisor of k and 50?
5
Let k be (2 - (-35)/(-28)) + (-98)/(-8). Calculate the highest common divisor of 117 and k.
13
Let w be -2*(-46)/16 + 217/(-124). What is the greatest common divisor of w and 16?
4
Let c = -311 + 402. Calculate the greatest common factor of c and 247.
13
Let y = 10 + -7. Let r = y - -9. Let g = -208 + 292. Calculate the highest common factor of r and g.
12
Let y = -738 + 1298. Calculate the greatest common divisor of y and 35.
35
Sup